) in base 3?
1111
-19 (base 13) to base 11
-20
What is 2112 (base 3) in base 15?
48
Convert 136 (base 12) to base 13.
114
Convert 50 (base 7) to base 15.
25
What is 119 (base 10) in base 4?
1313
-6 (base 15) to base 10
-6
13 (base 9) to base 5
22
Convert -11 (base 2) to base 4.
-3
Convert 6 (base 12) to base 14.
6
What is -7d (base 15) in base 6?
-314
What is -4a (base 11) in base 2?
-110110
Convert -3 (base 4) to base 15.
-3
-104 (base 5) to base 12
-25
-11 (base 9) to base 11
-a
Convert -41 (base 7) to base 5.
-104
What is 24 (base 5) in base 12?
12
What is 16 (base 10) in base 6?
24
Convert 18 (base 13) to base 9.
23
What is -14 (base 13) in base 14?
-13
Convert 120 (base 14) to base 12.
168
What is 23 (base 7) in base 8?
21
What is 152 (base 6) in base 8?
104
Convert -38 (base 13) to base 15.
-32
What is -1101 (base 4) in base 2?
-1010001
-4 (base 9) to base 2
-100
Convert 9e (base 16) to base 5.
1113
What is -241 (base 5) in base 11?
-65
What is 43 (base 16) in base 9?
74
100 (base 3) to base 13
9
3 (base 4) to base 12
3
What is -182 (base 12) in base 6?
-1042
Convert -4 (base 15) to base 5.
-4
What is 1 (base 16) in base 9?
1
12001 (base 3) to base 11
114
7 (base 13) to base 15
7
Convert -11 (base 5) to base 11.
-6
What is 6 (base 11) in base 12?
6
Convert -2 (base 4) to base 16.
-2
-20 (base 16) to base 14
-24
-49 (base 14) to base 16
-41
Convert -a (base 13) to base 10.
-10
Convert 1 (base 12) to base 15.
1
Convert b (base 14) to base 11.
10
What is -11 (base 3) in base 12?
-4
Convert 2 (base 13) to base 16.
2
21 (base 5) to base 16
b
-20 (base 8) to base 14
-12
What is 1000 (base 2) in base 7?
11
-3 (base 6) to base 5
-3
11 (base 6) to base 16
7
Convert -1 (base 8) to base 13.
-1
What is -13 (base 8) in base 12?
-b
-26 (base 10) to base 4
-122
32 (base 6) to base 3
202
Convert 1103 (base 4) to base 8.
123
-43 (base 9) to base 7
-54
Convert -113 (base 9) to base 12.
-79
What is 21 (base 5) in base 4?
23
Convert 4 (base 5) to base 4.
10
What is 10 (base 5) in base 10?
5
Convert -2 (base 10) to base 9.
-2
-38 (base 16) to base 5
-211
Convert 144 (base 9) to base 15.
81
What is 58 (base 10) in base 8?
72
What is -10110100 (base 2) in base 5?
-1210
-c (base 13) to base 9
-13
What is 22201 (base 3) in base 5?
1420
a9 (base 12) to base 9
153
Convert -111 (base 2) to base 10.
-7
-20 (base 10) to base 16
-14
What is -120 (base 10) in base 9?
-143
Convert -463 (base 7) to base 11.
-1aa
101 (base 2) to base 15
5
What is -2 (base 7) in base 3?
-2
What is -34 (base 5) in base 9?
-21
Convert -8a (base 13) to base 4.
-1302
-4 (base 5) to base 4
-10
What is -41 (base 13) in base 7?
-104
What is 160 (base 8) in base 13?
88
Convert 39 (base 15) to base 6.
130
Convert 1111 (base 2) to base 15.
10
Convert -37 (base 13) to base 14.
-34
10 (base 13) to base 11
12
Convert 4 (base 9) to base 7.
4
Convert -3 (base 16) to base 5.
-3
Convert 202 (base 10) to base 13.
127
What is -1 (base 7) in base 5?
-1
59 (base 15) to base 12
70
2 (base 9) to base 3
2
Convert -2a (base 11) to base 10.
-32
Convert 1010 (base 2) to base 13.
a
-3 (base 8) to base 12
-3
What is 1015 (base 6) in base 15?
102
What is 1000000 (base 2) in base 8?
100
What is 10101001 (base 2) in base 7?
331
Convert 183 (base 9) to base 11.
132
5 (base 16) to base 10
5
1 (base 8) to base 16
1
Convert 203 (base 4) to base 5.
120
24 (base 12) to base 6
44
What is 6 (base 14) in base 3?
20
4 (base 9) to base 3
11
-123 (base 4) to base 6
-43
What is -6 (base 8) in base 4?
-12
Convert -104 (base 5) to base 8.
-35
What is -5f (base 16) in base 14?
-6b
Convert -10 (base 10) to base 11.
-a
-45 (base 16) to base 14
-4d
What is -85 (base 15) in base 14?
-8d
9 (base 10) to base 16
9
What is -10 (base 10) in base 5?
-20
1 (base 7) to base 15
1
-44 (base 5) to base 2
-11000
Convert 10 (base 14) to base 11.
13
Convert 0 (base 14) to base 2.
0
Convert 4d (base 14) to base 7.
126
What is 12 (base 10) in base 14?
c
What is -2b (base 13) in base 2?
-100101
1210 (base 6) to base 9
356
-29 (base 12) to base 14
-25
Convert 21 (base 5) to base 12.
b
-111 (base 3) to base 5
-23
What is -362 (base 7) in base 6?
-515
-16 (base 10) to base 14
-12
What is 2 (base 13) in base 16?
2
Convert -2 (base 10) to base 7.
-2
What is -40 (base 7) in base 13?
-22
6 (base 14) to base 7
6
Convert -17 (base 8) to base 5.
-30
What is -11 (base 3) in base 16?
-4
-1 (base 14) to base 12
-1
Convert 2102 (base 3) to base 5.
230
4 (base 9) to base 5
4
Convert -15 (base 11) to base 5.
-31
6 (base 7) to base 6
10
-44 (base 10) to base 13
-35
What is 3 (base 6) in base 10?
3
Convert 242 (base 7) to base 16.
80
100110 (base 2) to base 8
46
Convert -6 (base 8) to base 11.
-6
What is 37 (base 15) in base 5?
202
Convert 101 (base 2) to base 16.
5
What is -3 (base 6) in base 3?
-10
What is 19 (base 16) in base 14?
1b
Convert 11001 (base 2) to base 12.
21
-12 (base 4) to base 14
-6
Convert -1 (base 14) to base 5.
-1
What is -11 (base 6) in base 12?
-7
What is -1 (base 12) in base 8?
-1
What is -49 (base 14) in base 15?
-45
What is 3 (base 15) in base 4?
3
-11 (base 3) to base 4
-10
12a (base 11) to base 3
12200
What is 2 (base 10) in base 9?
2
-12 (base 8) to base 6
-14
What is -4 (base 10) in base 5?
-4
What is c5 (base 13) in base 12?
115
Convert -c8 (base 15) to base 9.
-228
-5 (base 8) to base 3
-12
Convert 0 (base 4) to base 7.
0
Convert 37 (base 16) to base 10.
55
Convert 4 (base 14) to base 3.
11
147 (base 9) to base 2
1111100
-12 (base 5) to base 9
-7
What is 22 (base 4) in base 16?
a
Convert -1a (base 13) to base 4.
-113
What is 3 (base 9) in base 16?
3
-22b (base 14) to base 12
-2bb
What is 7 (base 13) in base 6?
11
Convert 202 (base 5) to base 3.
1221
0 (base 11) to base 12
0
What is 137 (base 8) in base 12?
7b
2 (base 13) to base 4
2
Convert -1 (base 3) to base 2.
-1
What is -6 (base 15) in base 6?
-10
Convert -11 (base 12) to base 11.
-12
-3 (base 6) to base 4
-3
What is 6 (base 11) in base 4?
12
What is -23 (base 4) in base 11?
-10
Convert 122 (base 3) to base 15.
12
19 (base 12) to base 5
41
What is -10101011 (base 2) in base 10?
-171
105 (base 6) to base 16
29
Convert 137 (base 13) to base 12.
15b
78 (base 14) to base 11
97
10 (base 3) to base 14
3
Convert 1 (base 5) to base 11.
1
Convert 1c7 (base 14) to base 6.
1415
Convert -c5 (base 15) to base 9.
-225
What is 67 (base 12) in base 15?
54
Convert -81 (base 15) to base 4.
-1321
Convert 90 (base 16) to base 7.
264
16c (base 14) to base 4
10210
-1001010 (base 2) to base 12
-62
What is 5 (base 16) in base 7?
5
What is 2c (base 15) in base 7?
60
Convert 212 (base 5) to base 4.
321
Convert 101101 (base 2) to base 9.
50
2 (base 15) to base 11
2
-4 (base 7) to base 6
-4
Convert -11000 (base 2) to base 16.
-18
What is -2020 (base 3) in base 8?
-74
-30 (base 10) to base 8
-36
-223 (base 6) to base 3
-10020
Convert 48 (base 9) to base 3.
1122
What is -12 (base 8) in base 2?
-1010
Convert 37 (base 12) to base 16.
2b
-121 (base 3) to base 16
-10
-140 (base 6) to base 9
-66
Convert 1 (base 3) to base 8.
1
3 (base 16) to base 3
10
-3 (base 15) to base 12
-3
-522 (base 6) to base 2
-11000010
4 (base 9) to base 12
4
Convert 111 (base 3) to base 16.
d
Convert -2031 (base 4) to base 8.
-215
Convert 1 (base 9) to base 16.
1
b (base 12) to base 11
10
-156 (base 7) to base 9
-110
Convert 1122 (base 6) to base 5.
2031
What is 121 (base 3) in base 13?
13
42 (base 6) to base 15
1b
What is -10110110 (base 2) in base 3?
-20202
-2 (base 13) to base 5
-2
Convert 5 (base 8) to base 2.
101
Convert -37 (base 15) to base 10.
-52
-1000 (base 2) to base 10
-8
Convert -134 (base 5) to base 11.
-40
What is -10 (base 6) in base 11?
-6
What is 1002 (base 3) in base 11?
27
64 (base 7) to base 10
46
-49 (base 11) to base 3
-1222
What is -100010 (base 2) in base 11?
-31
Convert -14 (base 6) to base 3.
-101
334 (base 5) to base 11
86
4 (base 12) to base 2
100
What is -28 (base 14) in base 2?
-100100
What is -111 (base 2) in base 9?
-7
What is 11111 (base 2) in base 6?
51
Convert 2 (base 11) to base 5.
2
Convert 0 (base 5) to base 10.
0
-10 (base 5) to base 11
-5
2 (base 5) to base 9
2
Convert 11 (base 8) to base 6.
13
-17 (base 12) to base 6
-31
Convert 0 (base 3) to base 6.
0
Convert 3 (base 16) to base 5.
3
7 (base 10) to ba